n. List the prime factors of n.
2, 11
Let b = 16 - 9. What are the prime factors of (-9 + 1)*((-14 - 7) + b)?
2, 7
Suppose 4*j + 3351 = 3*k, -7*k + 3351 = -4*k + 5*j. List the prime factors of k.
1117
Suppose -9*t + 57 = -12*t. Let k be 224/6 + 4/(-12). Let y = t + k. List the prime factors of y.
2, 3
Let f(g) = -g + 4. Let z be f(0). Let j be 105*(z - 1)/9. Suppose -4*o + j = 5*x + o, o = 3. List the prime factors of x.
2
Let d(f) = 2*f**3 + 5*f**2 - 7. What are the prime factors of d(8)?
7, 191
Suppose -s - 2*s + 182 = 5*y, 86 = 3*y - 4*s. List the prime factors of (7/2 + 1)*y.
3, 17
Suppose 7349 + 13735 = 7*b. What are the prime factors of b?
2, 3, 251
Let l(u) = -8*u + 25. Let z(m) = 16*m - 50. Let k(f) = -7*l(f) - 4*z(f). List the prime factors of k(-11).
113
Let u = -74 + 114. Suppose 5*q - 1 = -2*n + 32, -q = -5*n + 15. Suppose -5*a - 4*o - 2 = -u, q*a = 3*o + 59. What are the prime factors of a?
2, 5
Suppose -l + 51 + 272 = 0. List the prime factors of l.
17, 19
Let j(v) = -2*v + 64. Let u = 13 - 13. What are the prime factors of j(u)?
2
Suppose 3*i = -0*i. Suppose -m + i = 1. List the prime factors of (0 - 24*m)*1.
2, 3
Suppose 456 = 15*f - 12*f. Let o = f - -37. List the prime factors of o.
3, 7
List the prime factors of 2/(-2) + -13 + 409.
5, 79
What are the prime factors of 9/162*27291 - 10/(-12)?
37, 41
Let r = 295 + 3093. What are the prime factors of r?
2, 7, 11
Suppose -1010 = -2*k - 4*s, 0 = 5*k - s - 273 - 2263. What are the prime factors of k?
3, 13
Let r = 103 + -297. Let u be r/(-18) - 12/(-54). Let q(w) = w**3 - 10*w**2 - 5*w - 15. List the prime factors of q(u).
3, 17
Let o = -30 - -62. Let k = o - 30. What are the prime factors of k?
2
Let w = -399 + 976. List the prime factors of w.
577
Let p(i) = 8*i**2 - 4*i + 5. Suppose -3*j = -4*s + 63 + 72, 2*s - 4*j - 70 = 0. Let c = s + -30. What are the prime factors of p(c)?
5, 13
Let l(p) = -57*p + 7. Let z(m) = 28*m - 3. Let f = -21 + 15. Let n(t) = f*l(t) - 13*z(t). What are the prime factors of n(-3)?
3, 7
Suppose -125*z = -131*z + 2640. List the prime factors of z.
2, 5, 11
Let u be 45/(-6) - 2/(-4). Let z(h) = h**3 + 5*h**2 - 13*h + 9. Let w be z(u). What are the prime factors of 1/(1/124*w)?
2, 31
Let p(d) = 6*d - 2. Let f = -65 + 70. What are the prime factors of p(f)?
2, 7
What are the prime factors of -4 - (3 + (-361 - 3))?
3, 7, 17
Let g = 53 + -50. List the prime factors of (-266)/(-2) + (2 - g/3).
2, 67
Let v be ((-24)/16)/(6/328). Let a = -28 - v. List the prime factors of a.
2, 3
Suppose 2*j - 8 = -r, 4*j = j + 5*r - 14. Let l be (0 - -6)*1/2. Suppose -4*s - l*p + 88 = -4*p, 66 = j*s + 5*p. What are the prime factors of s?
23
Let s(f) be the second derivative of -10*f**3/3 - 2*f**2 - 34*f. List the prime factors of s(-4).
2, 19
Suppose 2*o - 7 = 3. Suppose w - o + 1 = 0. Suppose 2*x - 5*v = 82, -w*x + 3*x + 35 = -v. List the prime factors of x.
31
Let h(f) = -f + 2. Let c be h(-2). Let p = -55 + 55. Suppose c*d - d - 33 = p. What are the prime factors of d?
11
Suppose 9*z - 5072 = 21352. List the prime factors of z.
2, 367
Let w(s) = s + 14. Let y(m) be the second derivative of 5*m**2/2 - 2*m. Let h(d) = -3*w(d) + 8*y(d). List the prime factors of h(-5).
13
Let w(s) = -4*s + 3. Suppose 9 = -4*i + i. Let d be w(i). Suppose 62 = -d*g + 17*g. List the prime factors of g.
31
Let b = 36 - 35. Suppose -z = -4 + b. Suppose 0*w - 2*w = -z*o - 37, 0 = -5*w + 5*o + 100. List the prime factors of w.
23
Let n(m) = -8*m - 7*m + 3*m - 3*m. Let g be n(3). List the prime factors of g/(-12) + 6/(-8).
3
Suppose 378 + 205 = 5*q - 4*h, -5*h - 223 = -2*q. What are the prime factors of q?
7, 17
Let m = 574 - 347. What are the prime factors of m?
227
Suppose -7*t = -3*t - 8. Suppose g - t*v = 28, -g + 3*v + 39 = 14. List the prime factors of g.
2, 17
Suppose 2*g + 88 = 4*g. Suppose 2*b - 2*m = 3*b - 12, 33 = 5*b + m. What are the prime factors of b/(g/16 + -2)?
2
Suppose 4*h - 16137 = 3*f, 2*h - 8071 = 42*f - 43*f. List the prime factors of h.
3, 5, 269
List the prime factors of 31/((-2)/(-17 + 1)).
2, 31
Suppose 2*v + 20 = 7*v. Suppose -5*q - 102 = v*c, -5*q + 23 = -2*c - 13. What are the prime factors of (-23)/c + 14*4?
3, 19
Let o = 382 + -174. Let r = o + -129. What are the prime factors of r?
79
Let u = 48 - 48. Suppose 5*r = -5*f + 215, 3*f + r - 58 - 81 = u. List the prime factors of f.
2, 3
List the prime factors of -2 - (2 + (13050/(-6))/5).
431
Suppose -102 = -2*i + a + 81, i - 2*a - 96 = 0. Suppose -3*w = -2*w - i. What are the prime factors of w?
2, 3, 5
Suppose 0*u = 5*u - 675. What are the prime factors of 8/((-24)/u)*2/(-3)?
2, 3, 5
Let i be (-2)/16 - 99/(-24). What are the prime factors of -4*(-1 + -1 + (-26)/i)?
2, 17
Suppose 6*o - 1458 = 2520. Let u = o - 468. List the prime factors of u.
3, 5, 13
Let z(k) = k + 6. Let f be z(-6). Let s(n) = -n - 14. Let q(y) = y + 29. Let r(m) = 3*q(m) + 5*s(m). What are the prime factors of r(f)?
17
Let p(a) = a**3 - 10*a**2 + 4 + 0 - 2. What are the prime factors of p(11)?
3, 41
Suppose 4*z - 5*q - 2429 = 0, -3*z + q + 1823 = -4*q. List the prime factors of ((-7)/((-105)/10))/(4/z).
101
Let v = 7 + -187. Let y = 296 + v. List the prime factors of y.
2, 29
Suppose 475 = -5*x + 3165. Suppose o + l = 106, -x = o - 6*o - 3*l. List the prime factors of o.
2, 5, 11
Let t = 215 + 113. What are the prime factors of t?
2, 41
Suppose -5*d = -2*d - 6. What are the prime factors of (24 + d)*26/4?
13
Suppose -5*n + 24165 = 5*r, -24*r - 3*n = -22*r - 9661. What are the prime factors of r?
2, 41, 59
Let q(n) = -2*n + 10. Let j = 1 + 2. Suppose -4*x - 2*a - 30 = 0, 3 = -j*x - a - 21. What are the prime factors of q(x)?
2, 7
Suppose 4*s + 2*r - 626 = 0, -3*s + 2*r = 5*r - 468. Let a = -26 + s. List the prime factors of a.
131
Suppose w + 3 = 2*w. What are the prime factors of (-2)/w - 7/((-21)/362)?
2, 3, 5
Let g be 0/((-1)/(4/(-8))). Suppose 7*h + 282 - 1101 = g. List the prime factors of h.
3, 13
Suppose -34*g + 1757 = -33*g. What are the prime factors of g?
7, 251
Let l = 70 + 849. What are the prime factors of l?
919
Let d = -54 - -101. Suppose -296 = -51*g + d*g. List the prime factors of g.
2, 37
Let u be 20/(-1) + (-10)/5 + -1. Let f = u - -49. What are the prime factors of f?
2, 13
List the prime factors of 2040/(-306)*2358/(-5).
2, 3, 131
Let f(v) be the second derivative of 4*v**4/3 - v**3/6 - v**2/2 + v. What are the prime factors of f(-2)?
5, 13
Let l be (-9)/(-12) - 138/24. What are the prime factors of (-60)/24*44/l?
2, 11
Suppose -73*s - 1806 = -79*s. Let r = -186 + s. What are the prime factors of r?
5, 23
What are the prime factors of 1/2*697 - (-31)/62?
349
Suppose -5*n = g + 3, -5*g + 3 = -6*g + 2*n. Let m = -3 - -1. List the prime factors of -17*(2 + g) - m.
19
What are the prime factors of -73 + 327 + (0 - 5)?
3, 83
Suppose 13615 + 711 = 29*j. List the prime factors of j.
2, 13, 19
List the prime factors of (-3768)/4*(-5)/10.
3, 157
Let i = -1142 + 1745. List the prime factors of i.
3, 67
Let u(r) = 12*r + 21. Let w be u(8). Suppose w = -0*o + 3*o. List the prime factors of o.
3, 13
Let x = 7 - 8. What are the prime factors of 79 + x + 4 + -2?
2, 5
Suppose -52997 + 9228 = -23*c. What are the prime factors of c?
11, 173
Let d(k) = 454*k**2 + 4*k - 2. What are the prime factors of d(1)?
2, 3, 19
Suppose 7*w + 2*h = 3*w + 5254, -w = -3*h - 1296. List the prime factors of w.
3, 19, 23
Let s = -243 - -158. Let m = s - -122. What are the prime factors of m?
37
Let m = -27 + 18. Let o = -6 + m. List the prime factors of ((-36)/o)/(2/10).
2, 3
Let o(x) be the first derivative of -x**3/3 - 3*x**2 + 3*x - 6. Let g be o(-5). Let c = g - 4. What are the prime factors of c?
2
Let p(i) = -59*i + 392. What are the prime factors of p(-20)?
2, 3, 131
Let d = -297 + 429. What are the prime factors of d?
2, 3, 11
Suppose 421 = 2*p - 5*a + 4*a, p + 5*a - 205 = 0. List the prime factors of p.
2, 3, 5, 7
Suppose -88*p + 93*p = 2010. List the prime factors of p.
2, 3, 67
Let d(f) = f**3 + 7*f**2 - 7*f + 9. Let h be d(-8). Let m be (h/1)/(1/(-15)). Let s = m + 36. What are the prime factors of s?
3, 7
What are the prime factors of (26/3 - 2)*(86 + 58)?
2, 3, 5
Suppose -l - 757 = -4*v + 332, -3*l - 819 = -3*v. Suppose -13*h + v = -612. What are t